= -4 - 10*o**2 + o**3 - 5*o + 17*o**2 + n*o. Calculate the remainder when w(-5) is divided by 21.
19
Let s(q) = q**2 + 30*q - 130. Let p be s(-31). Let n = 44 - p. Calculate the remainder when n is divided by 49.
45
Suppose -605*h + 11477 = -582*h. Let t(o) = o**3 + 7*o**2 - 6*o - 9. Calculate the remainder when h is divided by t(-6).
58
Let w(f) = -7*f + 63. Let d be w(0). Let o = d - 40. Calculate the remainder when 52 is divided by o.
6
Let a(z) = 2*z**3 - 6*z**2 - 3*z + 1. Calculate the remainder when a(5) is divided by ((-32)/4)/(57/(-114)) - -9.
11
What is the remainder when (-4196)/(-70) - 108/(-1890) is divided by 34?
26
Calculate the remainder when 362 is divided by (-11256)/(-156) + 18/(-117).
2
Let q = 27 - 24. Let y(c) = 4*c**2 - 2*c + 6. Let z be y(q). Suppose -3*u + 51 = -z. Calculate the remainder when u is divided by 15.
14
Suppose 131*m - 200*m = -24633. Calculate the remainder when m is divided by 99.
60
Calculate the remainder when 1980/(-72) - -28 - 40118/(-4) is divided by 88.
86
Calculate the remainder when 596 is divided by 70/(513/(-38) - -14).
36
Suppose 0 = -370*x + 392*x - 53 - 409. What is the remainder when 2006 is divided by x?
11
Suppose 0 = -11*s + 168 + 261. Calculate the remainder when 1630/6 - ((-4)/4)/3 is divided by s.
38
Let f = -100 - -115. Let k(z) = 5*z + 9. Let v be 5/1 - (-3)/(9/6). What is the remainder when k(v) is divided by f?
14
Calculate the remainder when 156/130*((-3086)/(-6) - -4) is divided by 48.
46
Let p(x) = x**3 + 27*x**2 + 69*x - 57. Let q(l) = -l**2 + l + 4. Let d be q(4). What is the remainder when ((-198)/(-24))/((-3)/d) is divided by p(-24)?
7
Let h = -13 + 6. Suppose 1444*i + 117 = 1453*i. Calculate the remainder when (-2)/(-7) - 166/h is divided by i.
11
Let v = -10524 + 10555. What is the remainder when 88 is divided by v?
26
Let i(u) be the second derivative of -u**5/20 - 11*u**4/6 - 44*u**3/3 - 11*u**2/2 - 269*u. Calculate the remainder when i(-20) is divided by 95.
94
What is the remainder when (42/(-9) - 3)*-9 + -95 + 90 is divided by 1 + (23 - (-1)/(-1))?
18
What is the remainder when 146 is divided by (-15)/(-45)*1*135?
11
Let o(a) = -2*a**3 + 157*a**2 + 252*a + 176. Calculate the remainder when o(80) is divided by 3.
2
Suppose m = q - 2 - 7, q - 17 = 3*m. Let b(p) = p**3 - 22*p**2 + 12*p - 46. Let i be b(17). Let v = i + 1316. Calculate the remainder when v is divided by q.
4
Calculate the remainder when 192 is divided by 4/(3*3/(145 - 1)).
0
Suppose -2067*c + 2349*c - 38070 = 0. What is the remainder when c is divided by 0 - (-1 + (-68 - 1))?
65
Let n(h) = 27*h + 10*h - 17*h + 6*h - 10 - h**2. Calculate the remainder when n(12) is divided by 27.
23
Suppose -66 = -q - 0*h - h, 2*q + 3*h = 132. Suppose 5*l + q - 81 = 0. Calculate the remainder when 8 is divided by (33/9 - l)*6.
0
Let f = -2 + 25. Calculate the remainder when (3509/22)/(((-4)/(-8))/1) is divided by f.
20
Let x = -195 - -273. What is the remainder when x is divided by 72?
6
Let k(r) = 2620*r**3 + 25*r - 45. Let q(y) = 291*y**3 + 3*y - 5. Let w(m) = -4*k(m) + 35*q(m). Calculate the remainder when w(-1) is divided by 20.
15
Let s be (-4)/4*(12/(-3))/4. Let v(l) = -l + 1. Let o(a) = 6*a - 13. Let q(g) = s*o(g) + v(g). Calculate the remainder when 15 is divided by q(5).
2
Let x(q) = -40*q + 2629. What is the remainder when 496 is divided by x(55)?
67
Let y be (-10)/(-5) - (0 - (9 - 2)). Suppose y*w - 30 = 3*w. Suppose -5*d + 100 = 4*j, w*d - d + 2*j = 80. What is the remainder when d is divided by 12?
8
Suppose -25 = -4*j + 311. Let r = -14 - -14. Suppose -2*y + 47 + 13 = r. What is the remainder when j is divided by y?
24
Let m = 11736 - 11677. Calculate the remainder when m is divided by 12.
11
Let n(i) = i**3 + 4*i**2 + 36*i - 104. What is the remainder when n(3) is divided by 43?
24
Suppose -3*w = 2*n - 1717, -3*n + 770 = 5*w - 1806. Calculate the remainder when n is divided by 277.
26
Suppose -6*j + 4*j + 234 = 0. Let s = j + -123. What is the remainder when 36 is divided by (s - 46)*1/(-4)?
10
Let a(l) be the first derivative of l**4/4 + l**3/3 - l**2/2 + 14*l - 8. Let o be a(0). What is the remainder when 63 is divided by o - (-7)/(14/(-6))?
8
Suppose -13*a + 7232 = 1018. What is the remainder when a is divided by 32?
30
Let j = -10592 + 10704. What is the remainder when j is divided by 46?
20
Suppose 52*r = 54*r + 4*x - 36, x = -2*r + 18. Calculate the remainder when 216 is divided by r.
0
Let b(i) = 334*i**3 + 2*i**2 - 2. Let p be b(1). Let u = p - 297. Calculate the remainder when 105 is divided by u.
31
Suppose 5*q = -5*d + 235, 67 = -2*q + 4*d + 137. Suppose -216 = -u + l, 0 = 2*u + l - 555 + 135. What is the remainder when u is divided by q?
40
Let a = 2319 - 2221. Calculate the remainder when 462 is divided by a.
70
Suppose -5*q = 3*i - 53, 3*i + 1677 = 5*q + 1600. What is the remainder when 4510 is divided by q?
12
Suppose -2 = -5*p - 7. Let q(j) = -7*j**3 - j. Suppose 5*x + 3*t - 140 = 0, -5*x = 2*t - 5*t - 140. What is the remainder when x is divided by q(p)?
4
Suppose -3*s + 38 = -4*k, 0 = 25*k - 23*k - 8. What is the remainder when 157 is divided by s?
13
Let v(p) = -p**3 - 3*p**2 - 2*p - 2. Let g be v(-2). Let d = 439 + -328. What is the remainder when -6 - g - -1*d is divided by 22?
19
Let b(c) be the third derivative of c**5/30 + 5*c**4/12 - 28*c**3/3 + 51*c**2 - c. Calculate the remainder when b(-11) is divided by 16.
12
Suppose 10*n = -2264 - 4626. Let l = n + 1130. What is the remainder when l is divided by 89?
85
Let b(o) = o**3 - 2*o**2 - 4*o + 5. Let j be b(4). Let g = 26 - j. Let l(a) = a**2 - 4*a + 7. Calculate the remainder when 23 is divided by l(g).
11
Let s(j) = -j**2 - 19*j - 3. Suppose 26*y - 418 = -28*y + 35*y. Calculate the remainder when s(-13) is divided by y.
9
Let v(s) = s**3 - 6*s**2 + 11*s - 52. Suppose 0*r + 4*r + 5*n = 1200, 4*n - 311 = -r. What is the remainder when r is divided by v(7)?
73
Let r = 389 - 385. Suppose r*d = 12, -6*f + 5*d + 1 = -2. Calculate the remainder when f is divided by 1.
0
Let a(n) = -n**3 + 5*n**2 + 6*n - 11. Let l be a(5). Suppose -h = l*h - 600. Calculate the remainder when 54 is divided by h.
24
Suppose 16*b + 861*b = 41219. Calculate the remainder when 24341 is divided by b.
42
Suppose 4*t - 5412 = 4*y - 568, 0 = -4*t + 3*y + 4839. Suppose -7*b - t = -1388. Calculate the remainder when 53 is divided by b.
1
Suppose 5*z - 9 = 8*z, -264 = -3*c - 2*z. Suppose -20*w + 70 = -c. Let q = -20 + 51. Calculate the remainder when q is divided by w.
7
Let y = 23123 - 23094. Let k = 6 - 14. Calculate the remainder when -21*1/(3/k) is divided by y.
27
Let g(d) = d**2 + d. Let a be g(5). Let n be ((-48)/10 - -2)/((-2)/a). Calculate the remainder when 32 is divided by 51/2*n/63.
15
Suppose 3*d - 3*g - 978 = 0, 0 = d - g + 2*g - 318. Suppose 2*j - 527 = -5*u, 0 = -17144*u + 17149*u + 3*j - 538. What is the remainder when d is divided by u?
19
Suppose 4*k + 3*l - 87 = 0, -5*k + k - 4*l + 84 = 0. Let j = -9353 + 14121. Calculate the remainder when k is divided by j/672 - (-4)/(-42).
3
Suppose 699 = -3*q + 2937. Suppose -749*y = -q*y - 243. Let f = 56 - 35. What is the remainder when y is divided by f?
18
Suppose 4*l + 41 + 65 = -3*h, 0 = 3*h + 5*l + 110. What is the remainder when 236 is divided by 38 + 5/(h/(-12))?
36
Suppose 29*b = 28*b - 5. Let t be (0/((-4)/2))/(-6 - b). Suppose t = -f - 5 + 11. What is the remainder when 35 is divided by f?
5
Suppose -3591*u + 649 = -3580*u. What is the remainder when 83 is divided by u?
24
Let i = 875 + -862. Suppose 0 = -7*t + i*t - 42. Calculate the remainder when (1 + -2)*-1 - -30 is divided by t.
3
Let d(g) = g**2 + 12*g - 214. What is the remainder when d(-22) is divided by (-15)/90 + (-13)/(-6)?
0
Calculate the remainder when 1*(-508)/28*-7 is divided by 10.
7
Calculate the remainder when (2256/(-9))/(6*(-1)/9) is divided by 194.
182
Let p = 471 + -173. Let q = p + -253. What is the remainder when 171 is divided by q?
36
Let c(q) be the third derivative of q**6/120 - 7*q**5/30 + 7*q**4/24 - 14*q**3/3 + 45*q**2. What is the remainder when c(14) is divided by 24?
22
Let b(x) = x**3 + x**2 + 8*x - 7. Let k be b(5). Let o(j) = 33*j**2 - 10*j + 1. Let t be o(2). Let c = k - t. What is the remainder when c is div